uppose -3*x + u + 10 = 0. Suppose x*i - 2031 = 2*i. Is i a composite number?
False
Let x = -8641 - -8644. Suppose a + 28 = 5*a + 4*d, 2*a + 4*d - 18 = 0. Suppose 5*p = -k + x*k + 1289, -a*k - 244 = -p. Is p a composite number?
True
Let y(a) be the second derivative of 7*a**4/12 + 5*a**3/2 - 27*a**2/2 - 207*a. Is y(13) composite?
True
Let z(b) = -10*b + 74. Let o be z(8). Is (132262/o + 11)*(-3)/2 a prime number?
True
Is 163013 - ((17 - -1)/(-9) - -8) composite?
True
Let h = -529079 + 888702. Is h a composite number?
True
Let v(m) = -6*m - 31*m**2 - 37*m**2 + 3*m**3 + 60*m**2 + 4*m**3 + 15. Suppose 0 = 8*a - 8 - 40. Is v(a) a prime number?
False
Let t be ((2 - 10)/(-2))/2. Suppose -22*y + 17*y + 26 = 4*z, z = y + 2. Suppose 2782 = 4*q + y*d - 672, -t*q = 5*d - 1731. Is q a prime number?
True
Is ((-5262)/36*3)/(22490/(-5620) - -4) composite?
True
Let b(z) = -14*z - 3657*z**2 - 9 - 6*z + 3635*z**2 - 2*z**3. Is b(-11) composite?
False
Let l(w) = -w**3 + 4*w**2 + 7*w + 1. Let s = -33 - -23. Let o be (0 - -2)*s/(-4). Is l(o) prime?
True
Suppose -3*h + 148 = 4*c, -2*h + 3*h = -4. Let w = c - 26. Let q(r) = 21*r - 3. Is q(w) a composite number?
True
Let k be (-44)/(-12)*(-7)/((-28)/60). Let d = 58 - k. Suppose d*w - 1233 = -o, -4*o - 413 + 2 = -w. Is w prime?
False
Let x(f) = -f**3 - 7*f**2 - 12*f - 30. Let c be x(-6). Suppose -2264 = c*g - 8756. Is g a prime number?
False
Let y be ((-21249)/(-18))/((-5)/(-2) + -2). Suppose 5*b = 5*x + 11865, x - y = -b - 4*x. Is b composite?
False
Let t = 73291 - -135238. Is t composite?
False
Let i be ((-25)/(-10))/((-2)/(-4)). Let k(j) be the first derivative of 79*j**2/2 + 24*j - 11. Is k(i) a prime number?
True
Let p(m) = 7*m + 9. Let d be p(-1). Suppose -5*c + 2*a + 10643 = 0, 3*a - 8*a = d*c - 4263. Is c a composite number?
False
Let r be 4/(-22) + (-416)/11. Let n = r + 42. Suppose -3*s = -n*s + 1141. Is s prime?
False
Suppose 6*p - 4*p - 20 = 0. Let k be ((-33)/(-22))/(3/p). Suppose -4*q - k*i + 374 = 0, -4*q - 2*i + 186 = -2*q. Is q a composite number?
True
Let z(f) = 16*f + 86. Let h be z(-5). Is (h - (-1)/(-1))*609/15 a composite number?
True
Suppose -15448 = -15*j + 1918607. Is j prime?
False
Suppose 108320 = 3*n - 20707. Is n a composite number?
True
Suppose -5*m - 28204 = -0*s - 3*s, -37547 = -4*s - 5*m. Let k = s + -2114. Is k prime?
False
Suppose -86*x + 3204905 + 2656862 - 1334985 = 0. Is x a prime number?
False
Let b(p) = p**3 - 12*p**2 - 10. Let x be b(12). Let t be (24/x)/((-6)/1155). Suppose -2*k + t = -712. Is k a prime number?
True
Let s(u) = -u**3 + 11*u**2 - 17*u - 5. Let l be s(9). Suppose -l*k + 55 = 5*w, -4*w + 2*k + 23 = k. Suppose -r = -w*r + 948. Is r a prime number?
False
Suppose 1110 = 7*s + 4239. Let t = 1354 + s. Is t a composite number?
False
Is 4/(0 + 1) - (-180 + -25)*27 a composite number?
True
Let c(d) = -2*d**3 - 16*d**2 - 7*d + 23. Let v be (140/75 - 2/3)*-10. Is c(v) prime?
True
Let s = -12 + 13. Let y be s/(-4)*(-6 + 6). Suppose -2*t + 1095 - 203 = y. Is t composite?
True
Let g = 4634 - 2686. Is (22/(-44))/((-2)/g) prime?
True
Let r(p) = -908*p - 431. Is r(-78) composite?
False
Suppose -19*c = -3*l - 21*c + 778237, 5*l + 5*c - 1297070 = 0. Is l composite?
True
Let o(v) = -12085*v + 19. Is o(-4) prime?
False
Let j(h) = 2*h**3 + 43*h**2 + 98*h - 19. Let f(q) = q**3 + 22*q**2 + 49*q - 10. Let n(d) = -7*f(d) + 3*j(d). Is n(-24) a prime number?
True
Suppose -5*q - 2*k = -1651519, -k = 2*q - 501762 - 158844. Is q composite?
True
Let g be (5 - (-9945)/5)*-1. Let j = -1277 - g. Is j a composite number?
True
Suppose -483*c + 446668945 - 85603744 = 0. Is c composite?
False
Is (-1 - (-2140)/(-5)*-359)/(3/2) a composite number?
True
Let d be ((-3)/9)/((-6)/180*1). Let c = -6 + 17. Suppose -c*j + d*j = -1283. Is j composite?
False
Let k(n) = 10*n**2 - 3. Let a be k(2). Let o = a - 32. Suppose 3163 = o*c + 2*z, c + 3*c + 4*z - 2540 = 0. Is c a prime number?
True
Let g(m) = 228*m + 43. Let z be g(2). Let f = 600 + z. Is f composite?
True
Let n = -174 + 176. Suppose -1206 = -20*d + n*d. Is d composite?
False
Let i be -1 - 5/(15/(-9)). Suppose 2*f + 7*a - 14 = i*a, -71 = -3*f + 5*a. Let y(r) = 9*r - 8. Is y(f) composite?
True
Let i(l) be the first derivative of -l**3/3 - 7*l**2/2 + 3*l + 7. Let w be i(-7). Suppose -w*q = -x - 2*q + 614, -x - 2*q = -629. Is x a prime number?
True
Let t be (9/(-3))/((-9)/12). Suppose -5*i + 714 = 6*d - t*d, -5*d = -i - 1731. Is d composite?
False
Suppose 0 = 5*j - d + 113, j + d = 5*d - 34. Is 2*j/(-44)*3694/2 prime?
True
Let i = 98414 + -47694. Suppose -i + 2221 = -11*w. Is w composite?
False
Let a(l) = 2582*l**2 - 32*l - 17. Is a(-6) a prime number?
False
Let c = -362 - -366. Suppose -4969 + 1521 = -c*b. Is b a composite number?
True
Is (-408541960)/(-1298) - 6/22 composite?
False
Is 60/495*464748 - (-1)/(-11) a composite number?
False
Suppose -53*k + 61996 = -49*k - 4*n, 4*n = 5*k - 77489. Is k prime?
True
Let z(k) = -11*k - 9. Let o be z(-1). Let u(n) = 410*n**2 - 6*n + 9. Is u(o) composite?
False
Let x = -888682 - -1429359. Is x a composite number?
False
Suppose 0*b = -4*g + 4*b + 70156, -3*g + 52623 = 3*b. Suppose -5*c + g = -8975. Is c prime?
True
Let a = -36975 - -237544. Is a a composite number?
False
Suppose 5*t + 142*j - 4050541 = 138*j, -3*t + j + 2430328 = 0. Is t composite?
False
Let q = -787 + 791. Suppose -5*w - q*a + 34491 = 0, -3*a = -4*w - 4*a + 27595. Is w a composite number?
False
Let h be 1 - 3 - ((534 - 1) + 3). Is (h/(-4))/((-8)/(-2784)*6) a prime number?
False
Suppose -101 = -10*y + 99. Let i = y - 45. Let f = 39 + i. Is f composite?
True
Suppose -14*b - 808 = 312. Let h = b - -68. Is (-2)/h*-2*(-4596 - 9) a composite number?
True
Let y be 0 - -8 - 4/1. Suppose -y*u - 678 = 3*l - u, -u = -3*l - 670. Let r = l - -435. Is r a prime number?
True
Let n = 372883 + -201840. Is n composite?
False
Suppose -23*p = -3430926 + 654619. Is p a composite number?
False
Suppose 84027 + 13070 = 21*c - 883792. Is c prime?
False
Suppose 206133 - 44455 = 2*f. Suppose 58*a + f = 69*a. Is a composite?
False
Let k be (-2 - (-2 + 1)) + -81. Let h(y) = 3*y**2 + 17*y - 7. Let a be h(-22). Let n = a + k. Is n a composite number?
True
Let i = 161972 - -33131. Is i a prime number?
True
Let o(y) = 3*y + 38. Let a be o(-12). Suppose 3*u - a*u = 2189. Suppose 2*h - u = 233. Is h composite?
True
Let g be (-8)/3*((-105)/10)/(-7). Is (-1*(-12)/30)/(g/(-80380)) a composite number?
True
Let u(s) = s**3 - 9*s**2 - 24*s + 7. Let i be u(11). Let c be ((-11)/33)/((-1)/i + 0). Is ((-92)/c)/((-12)/(-30)) prime?
False
Suppose 728488 - 116686 = 3*m + 3*y, 203951 = m + 18*y. Is m prime?
False
Let z = 54 - 48. Let m(s) = 2*s - 10. Let p be m(z). Suppose c + 1263 = 3*n - c, 3*n + p*c - 1251 = 0. Is n composite?
False
Suppose -5*m = -4*k - 0*k + 40, 2*k - 14 = m. Suppose -5*y = k*w + 5, 0*y + w + 7 = y. Is 79*(-5)/(-2 - y) prime?
True
Suppose 3*n - 3*l = -2*l + 7, 3*l - 3 = 3*n. Suppose -n*v + p - 5842 = 0, 7294 = -5*v + 3*p - 6*p. Is 14/8 + -2 - v/16 prime?
False
Let u = -74 + 83. Suppose 1989 - 6534 = -u*x. Suppose 0 = -r - x + 2304. Is r composite?
True
Suppose 11*a - 12091 = 69056. Is a a composite number?
True
Suppose -3202 - 4820 = -7*m. Is m/1*(-1)/(-6) composite?
False
Let g(r) = -13 - 17 - r + r**3 + 8*r**2 + 11. Let c(u) = u**2 + 2*u - 29. Let q be c(-7). Is g(q) a prime number?
True
Suppose -4*u + p = 4*p - 1601, 5*p + 1975 = 5*u. Suppose m - g = 1318, 4*m - u - 4859 = -g. Is m a composite number?
True
Suppose 0 = 2*o - 6 - 66. Let z = -39 + o. Is 11*85 + 3 - z a composite number?
False
Let f(t) = 2*t**3 - 2 + 2*t - 13 + 7*t**3 - 8*t**3. Let l be f(0). Let j(o) = -16*o + 23. Is j(l) prime?
True
Let s = -4780 + 9201. Suppose 0 = -p - 4*t + s, 0*p - 2*p - 4*t = -8842. Is p composite?
False
Let c(r) = 143*r**2 + 6*r + 72. Is c(7) a prime number?
True
Let m = 262 - 269. Let a(c) = -254*c + 45. Is a(m) a composite number?
False
Let z be (-655600)/22 + -5 + 1. Is ((-34)/(-68))/((-2)/z) composite?
False
Suppose 33*y - 29*y + 4*c = 253868, 317311 = 5*y - c. Is y a composite number?
False
Let a(j) = 2*j + 81. Suppose 28*m + 33 = 25*m. Is a(m) prime?
True
Suppose 15*n + 2901278 = 4*l + 20*n, 3626591 = 5*l + 3*n. Is l prime?
True
Suppose -6*p - 46662 = -17*p. Is 3/(-6)*(20/5 - 